ose -6*j - 152 = -4*d - 2*j, d - 5*j - q = 0. What are the prime factors of d?
37
Suppose 18*d - 41*d + 26427 = 0. List the prime factors of d.
3, 383
Let r(p) = p**3 + 9*p**2 - 30*p + 43. What are the prime factors of r(-9)?
313
Let b be (-3)/6*2 + -48. Let o = 2 - b. What are the prime factors of o?
3, 17
Let r(q) = -16*q - 41. List the prime factors of r(-6).
5, 11
List the prime factors of ((-146)/(-219))/((-4)/(-29418)).
4903
Suppose 5*g - 2*n - 19 = 0, 2*n = -0*n - 4. Let i(y) = 3*y**2 - 6 + y**g + 105*y - 3*y**2 - y**2 - 100*y. List the prime factors of i(4).
2, 31
Let w(l) = l**3 + 16*l**2 - 20*l - 32. List the prime factors of w(-16).
2, 3
Suppose 7*q = 4*q + 924. What are the prime factors of q?
2, 7, 11
Suppose -4*s - 9 = -5. Let z be -1 + (s - 0) + 4. Suppose -z*i + 21 = 1. What are the prime factors of i?
2, 5
Let a = 5 + -35. Let s = 25 - a. List the prime factors of s.
5, 11
Let k(y) = y**3 - 7*y**2 + 12. Let q be k(5). Let o = q - 4. Let w = o - -86. List the prime factors of w.
2, 11
Let p(n) = n**3 - 11*n**2 + 11*n - 9. Let b be p(10). Suppose h = -g - 5, -4 + 22 = 2*h - 5*g. List the prime factors of (-3 - (b + h)) + 23.
2, 5
Let n be -4*(9/(-12) + -4). Suppose -u + 4*m + n = 0, -u - 38 = -3*u + 3*m. List the prime factors of u.
19
Let r(p) = 12*p**2 + 7*p + 21. What are the prime factors of r(-5)?
2, 11, 13
Let s(r) = 12*r**3 - 6*r**2 + 27*r - 33. List the prime factors of s(8).
3, 7, 283
Suppose 2*f = -3*d + 109, -5*f + 5*d - 113 + 423 = 0. List the prime factors of ((-30)/(-5) - f)*(-2)/1.
2, 53
Let s(j) = 54*j - 424. List the prime factors of s(26).
2, 5, 7
Suppose 7 = 5*t - 18. Let g(o) = -7 + o**2 + 15*o + o**2 - t*o. What are the prime factors of g(-6)?
5
Let d = -3 - 0. Let k be (20/6)/(1/d). Let m(l) = -l**3 - 10*l**2 - 2*l - 14. What are the prime factors of m(k)?
2, 3
Let n(y) = -257*y**2 + 2*y + 1. Let s be n(-1). Let g be (-4)/(-8) + s/(-4). Let p = g + -40. List the prime factors of p.
5
Suppose q + 5 = 8. List the prime factors of 672/18*(q + 0).
2, 7
Suppose -4*s = k - 1401, -s = s + 3*k - 713. Suppose -105 = -o + 4*z, 0 = -4*o - z + 71 + s. What are the prime factors of o?
3, 5, 7
Let x = -21 - -253. List the prime factors of 6/4 + x/16.
2
Let n be 2 + ((-8)/4 - -3). Let a(u) = 3*u**2 - 2*u + 2. Let q be a(1). Suppose 53 = s + q*l, -5*l = -n*l - 4. List the prime factors of s.
47
Suppose 5*m + 2080 + 632 = 2*y, -8 = 2*m. What are the prime factors of y?
2, 673
Let d(p) = -523*p + 9. List the prime factors of d(-2).
5, 211
Let p be 50/(-30) - (-2)/(-6). List the prime factors of p + (3 - 4) + 5.
2
Let o be (72/20)/((-4)/10). Let p = o - -59. What are the prime factors of p?
2, 5
Let g(n) = 2*n**2 - 3. Let u be g(-2). Suppose -2*h + 0*h + 3384 = u*x, -4*h = 12. List the prime factors of x/10 + 9/45.
2, 17
List the prime factors of 4/56 + (-306735)/(-462).
2, 83
Let k(y) = -8*y**3 - y**2. Let h be k(1). Let v(q) be the first derivative of q**4/4 + 11*q**3/3 + 7*q**2 + 9*q + 150. What are the prime factors of v(h)?
3, 5
Let x be -1*(-4)/(-4) + 239. Suppose x = 7*p - 5*p. List the prime factors of p.
7, 17
Let j be (2 + -4)/(2/(-2)). Let p(n) = -n**3 + 15*n**2 - 8*n + 18. Let y be p(14). Suppose a + 137 = 4*t, -j*t + a = -y + 31. List the prime factors of t.
3, 11
What are the prime factors of ((-4)/6)/(-5 + (-5653)/(-1131))?
13, 29
Suppose 2*k - 2*i = 3*i - 48, -5*k - 120 = -5*i. Suppose -2*r - 80 = -4*l - 0*r, 0 = -3*l - 2*r + 46. Let a = l - k. List the prime factors of a.
2, 3, 7
Let a(h) = -h**3 + 8*h**2 - 7*h - 7. Let b be 8*(-2 - 51/(-12)). Suppose -m = -4*m + b. List the prime factors of a(m).
23
Suppose 4*a = 129 + 111. Suppose 7*d = 2*d + a. Let v = 7 + d. List the prime factors of v.
19
Let i(g) = g**3 - 8*g**2 + 3*g + 90. What are the prime factors of i(10)?
2, 5
What are the prime factors of (87 + -1)*(0 + (-1)/(-2))?
43
Let l = -171 + 289. List the prime factors of (l/(-4))/(2/(-4) + 0).
59
Let o = 11 + -6. Let f(n) = 11 - 4*n + 2*n**2 - n - 4 - o*n. What are the prime factors of f(6)?
19
Let b(j) = -7*j + 9. Let a be b(-17). Suppose -2*z - 5*o - 6 = -a, -5*o + 10 = 0. What are the prime factors of z?
2, 7
What are the prime factors of (-3 - 633/(-5))*20/8?
3, 103
Let h = -3761 + 6215. What are the prime factors of h?
2, 3, 409
Let l be -2 + 0 + 77 - (2 - 0). Suppose -i + l + 114 = 0. List the prime factors of i.
11, 17
Let d(o) = 496*o + 24. What are the prime factors of d(5)?
2, 313
Let j(c) = 2*c**2 - 5*c - 7. Let z be j(-4). Suppose 3*h - 59 = 2*k - 14, -3*h = -k - z. What are the prime factors of h?
3, 5
Let a(g) = 35*g - 148. List the prime factors of a(9).
167
List the prime factors of (-18)/(-45)*(7191 - 1).
2, 719
Let y(f) = 44*f - 156. What are the prime factors of y(10)?
2, 71
Let p(j) = j + 1. Let t be p(5). Suppose 2*h - t = -5*l - h, 5*l - 3*h = 24. Suppose l*q - 12 = -q. What are the prime factors of q?
3
Let k = 1266 + 158. What are the prime factors of k?
2, 89
Let u = -1698 + 2461. What are the prime factors of u?
7, 109
Suppose -4*w = 132 + 516. Let r = -67 - w. What are the prime factors of r?
5, 19
Let z be -27 + 1 + 0 + 1. Let d = 7 - z. List the prime factors of d.
2
Suppose -5*m + 1005 = -0*m. Let v = m + -114. What are the prime factors of v?
3, 29
Suppose -4*q - 2211 - 153 = -3*d, -2*d - 2*q + 1562 = 0. What are the prime factors of d?
2, 7
Let i = 19 - 15. Suppose h - 3 = -4, 2*h = i*t - 110. Let c = 50 - t. What are the prime factors of c?
23
Let c = 1530 - 657. What are the prime factors of c?
3, 97
Let d = 139 + -59. Let m = -52 + d. List the prime factors of m.
2, 7
Let x(m) = -m**3 - 31*m**2 + 43*m - 29. List the prime factors of x(-33).
2, 5, 73
Suppose 0 = -5*t + 3*a + 1737, -5*t - 2*a = 2*a - 1709. List the prime factors of t.
3, 5, 23
Let r(s) = 546*s**2 + 15*s - 40. What are the prime factors of r(2)?
2, 1087
Suppose -391 = -5*i + 329. Let r = 204 - i. Suppose -5*u + 2*u = -r. List the prime factors of u.
2, 5
Suppose 146 = 2*x - 488. Suppose -7*r = x + 397. Let l = -61 - r. What are the prime factors of l?
41
Let n = 37 - 32. Suppose 0*t - n*t + r = -241, 5*r = -5. List the prime factors of t.
2, 3
Let r = -4305 + 6258. What are the prime factors of r?
3, 7, 31
Suppose -7*z = -22*z - 180. List the prime factors of z - -12 - (1 + -45).
2, 11
Let v(a) = -18*a**3 - 2*a**2 - a + 2. Suppose -5*i - 3*t - 19 = -0*t, -2*t = -4*i - 2. Let r be v(i). Suppose 5*k - r = k. What are the prime factors of k?
5, 7
Suppose -3*v = 3*l - 201, 4*v - 2*l - l - 247 = 0. Suppose -f = -v + 11. List the prime factors of f.
53
Suppose -11*a + 23*a - 6528 = 0. What are the prime factors of a?
2, 17
Let q = 135 + -133. Suppose 5*z - q*z = 264. What are the prime factors of z?
2, 11
Suppose 14*q - 4 = 12*q. Let y(d) = d - 1 - 4 + 7*d. What are the prime factors of y(q)?
11
Suppose x + 3*i - 102 = 0, 0*x + 4*x + 4*i - 392 = 0. What are the prime factors of x?
2, 3
Let s(c) = 28*c**2 - 6*c + 7. Let j(o) = o**2 - 9*o + 22. Let z be j(5). What are the prime factors of s(z)?
107
Let l(i) = -291*i - 74. List the prime factors of l(-6).
2, 11, 19
Suppose -2*v - 3*v - 5*s = -45, 4*v - s - 16 = 0. Suppose 0 = v*l + 5*r - 635, 2*r = 5*l + 6*r - 630. What are the prime factors of l?
2, 61
Suppose 424 = q - 5*i + 60, 4*q - 1546 = 2*i. List the prime factors of q.
389
Let h = -159 + 228. What are the prime factors of h?
3, 23
Let t = 16 + 3. Suppose 0 = 5*l + t + 96. Let j = 1 - l. What are the prime factors of j?
2, 3
Suppose -5*t + 3*r + 40 = 6, 5*t = 2*r + 31. List the prime factors of (t/3 - -3)*6/4.
7
Suppose 4*x - 5 = 2*g + 5, -x - 5*g - 25 = 0. Suppose x = 4*q - 5*b - 47, 3*q + q + 5*b - 17 = 0. Suppose w + q = 23. What are the prime factors of w?
3, 5
Suppose -2*g - 1 = 1, 0 = 3*z + 2*g - 7. Suppose t + z*t = 8. Suppose -3*q + 7 = -t, -3*y + 4*q + 96 = 0. List the prime factors of y.
2, 3
Suppose 0 = -2*p - 4*s + 7 + 7, 4*s = -5*p + 23. Suppose -p*m + 8*m = 2*c - 205, -3*m + 339 = 3*c. List the prime factors of c.
2, 5, 11
Suppose 1 = 2*r + 2*b + 21, 0 = -r - 5*b - 14. Let s(g) = 41*g + 39. Let n(i) = 10*i + 10. Let z(o) = r*n(o) + 2*s(o). What are the prime factors of z(-6)?
2, 3
What are the prime factors of (-639720)/(-144) - (-3)/(-2)?
4441
Let z(x) = -x**2 - 2*x + 63. Let i be z(0). Le